
Is 268886264761 a prime number?
True
Is 2513320339 a prime number?
False
Is 71877157 a prime number?
False
Is 20533435987 a prime number?
True
Is 80509707493 a prime number?
True
Is 615978227 prime?
False
Is 926467769 composite?
False
Is 12678219031 prime?
True
Is 111186412681 a prime number?
False
Is 730174111 a composite number?
True
Is 90462779723 prime?
True
Is 442620743233 a composite number?
False
Is 17575360457 composite?
False
Is 719801021 a prime number?
True
Is 130500920647 a prime number?
True
Is 42233729467 a prime number?
True
Is 11407050913 a prime number?
True
Is 168970469 prime?
True
Is 10316636501 a prime number?
False
Is 856818583 prime?
False
Is 1107635303 composite?
True
Is 2677242517 composite?
True
Is 997912081 prime?
True
Is 393866209 a composite number?
True
Is 45902249 prime?
True
Is 1196687977 prime?
False
Is 382940897 prime?
True
Is 1134277153 a prime number?
False
Is 975087557 a composite number?
False
Is 80599901 prime?
True
Is 101711261 a prime number?
False
Is 4649941991 composite?
True
Is 9676320799 prime?
False
Is 41907829 composite?
True
Is 777190551 a prime number?
False
Is 272699429 prime?
False
Is 1427485193 composite?
True
Is 1024954067 prime?
True
Is 3614479457 a composite number?
False
Is 337953503 prime?
False
Is 1361443667 prime?
True
Is 582401329 a composite number?
True
Is 102736032173 composite?
False
Is 2292601253 prime?
True
Is 233791985435 a prime number?
False
Is 204091 prime?
False
Is 3412304705 composite?
True
Is 3731888837 composite?
False
Is 4138984147 composite?
False
Is 8354857339 prime?
True
Is 15837059437 a composite number?
True
Is 2657350637 a composite number?
True
Is 920299553 a prime number?
True
Is 1365029297 prime?
False
Is 3757096559 a composite number?
False
Is 3736576349 composite?
True
Is 292070171 a prime number?
True
Is 2356027307 composite?
False
Is 10917701 a composite number?
True
Is 7183388503 prime?
False
Is 2210994671 prime?
True
Is 30836929 composite?
True
Is 33203387639 a composite number?
False
Is 7559837689 composite?
True
Is 54585161923 a prime number?
True
Is 16594567061 a composite number?
True
Is 13297167061 prime?
True
Is 2269667473 composite?
False
Is 9227607239 prime?
True
Is 197646442597 prime?
True
Is 249894370753 a prime number?
True
Is 43597493117 prime?
False
Is 1814358191 prime?
False
Is 2607107479 a prime number?
True
Is 5525823893 a prime number?
False
Is 74002875623 a composite number?
True
Is 1317864791 prime?
True
Is 3303660043 prime?
False
Is 1303839863 composite?
False
Is 3963873887 composite?
False
Is 3503487059 a prime number?
True
Is 23868503993 prime?
True
Is 10826477561 prime?
True
Is 6072929567 a composite number?
True
Is 27170761 prime?
False
Is 1913619847 a prime number?
True
Is 388137059 a prime number?
True
Is 57055998559 a prime number?
False
Is 19808009251 a composite number?
False
Is 1107601063 prime?
True
Is 50866714133 a prime number?
False
Is 60932970481 prime?
False
Is 8687632981 a composite number?
False
Is 32778286063 a prime number?
False
Is 159961648097 prime?
False
Is 15391263623 a composite number?
False
Is 1435135199 prime?
False
Is 6555388901 a prime number?
False
Is 28397209427 prime?
True
Is 31812817 prime?
True
Is 1438848209 a composite number?
False
Is 25039923607 a prime number?
True
Is 1482240161 prime?
True
Is 232823291 a composite number?
False
Is 129509975219 prime?
True
Is 2010757741 a prime number?
True
Is 8214707869 prime?
False
Is 12568509469 prime?
False
Is 219100999 a prime number?
False
Is 299473318247 a composite number?
False
Is 12923889959 prime?
False
Is 27696170969 composite?
False
Is 1253372011 a composite number?
False
Is 6928682797 composite?
True
Is 6107110201 a composite number?
False
Is 577233731 prime?
False
Is 25243156387 a composite number?
False
Is 18591887669 prime?
False
Is 44854189 a prime number?
True
Is 5237747621 a prime number?
True
Is 15782099971 a composite number?
True
Is 439941053 composite?
False
Is 114588514109 composite?
False
Is 8521093289 prime?
True
Is 1555577803 a composite number?
True
Is 121029163179 composite?
True
Is 251680837 a prime number?
False
Is 60133643 composite?
False
Is 5854249697 prime?
False
Is 73583796037 a composite number?
False
Is 279143201 composite?
False
Is 12935058485 a composite number?
True
Is 66195194831 composite?
False
Is 1677442973 a composite number?
True
Is 45338284361 prime?
True
Is 89983723337 a composite number?
False
Is 16447706123 composite?
False
Is 8306525759 prime?
False
Is 45597575017 prime?
False
Is 52668289 composite?
True
Is 531375965 composite?
True
Is 2065582141 a prime number?
False
Is 25565713909 a composite number?
True
Is 4671178307 composite?
True
Is 3071586223 a composite number?
False
Is 931771541 a composite number?
False
Is 3393729041 a composite number?
True
Is 22608725773 prime?
True
Is 76516679 prime?
False
Is 32972197537 a composite number?
True
Is 521314903 a composite number?
False
Is 190514300169 a composite number?
True
Is 2788066178 prime?
False
Is 8217630229 a composite number?
False
Is 1518862283 composite?
True
Is 27195977609 a composite number?
True
Is 1248147415 a prime number?
False
Is 1127384411 composite?
True
Is 8806050083 prime?
False
Is 35911615111 a composite number?
True
Is 175738357 prime?
True
Is 9140280739 a prime number?
True
Is 57175027597 prime?
False
Is 39520381 composite?
True
Is 10914552401 a prime number?
True
Is 52432917478 composite?
True
Is 1821056623 a prime number?
True
Is 449116229 composite?
False
Is 2346004079 a prime number?
False
Is 1650386219 a prime number?
True
Is 710366563 prime?
True
Is 419059419209 a prime number?
True
Is 2201564977 prime?
True
Is 5350086259 composite?
True
Is 4742000231 prime?
True
Is 2026148263 prime?
True
Is 362338213 prime?
True
Is 4559292337 composite?
True
Is 2114280691 a prime number?
False
Is 2530673531 composite?
False
Is 26180460913 a prime number?
False
Is 3277575229 a prime number?
False
Is 191253461 prime?
False
Is 11617956533 composite?
False
Is 841003957 prime?
False
Is 1493852839 a prime number?
True
Is 209617409 prime?
False
Is 80210681 composite?
True
Is 17087993477 prime?
False
Is 2375871907 composite?
True
Is 211586741 a composite number?
False
Is 800220173 a prime number?
False
Is 8335307879 a prime number?
True
Is 3267262909 prime?
True
Is 4839612259 prime?
False
Is 647525113 a prime number?
True
Is 4257306077 a prime number?
False
Is 604689719 prime?
False
Is 1148863769 prime?
True
Is 11291954851 a prime number?
True
Is 418680167 a prime number?
True
Is 5950745441 a composite number?
False
Is 66843833 a prime number?
False
Is 201310159 a composite number?
False
Is 9741335293 composite?
False
Is 39877997507 a prime number?
False
Is 19065290861 a composite number?
False
Is 98928438601 composite?
True
Is 88999199273 prime?
True
Is 4000740799 a prime number?
False
Is 11148165737 a prime number?
True
Is 48934441 composite?
True
Is 1714591213 composite?
True
Is 2565496511 composite?
True
Is 3335189885 prime?
False
Is 6376944889 a composite number?
True
Is 11278478479 a composite number?
True
Is 4542563503 a prime number?
False
Is 621370423 a prime number?
True
Is 923211787 composite?
False
Is 54160888033 a composite number?
True
Is 56768532607 prime?
False
Is 2102829269 prime?
False
Is 118929277 composite?
True
Is 7617275521 a prime number?
True
Is 8869466927 prime?
False
Is 6503329153 prime?
False
Is 339259979 composite?
True
Is 93139574467 composite?
False
Is 24274336187 composite?
False
Is 2582999 composite?
False
Is 6639477913 a prime number?
False
Is 565986371 prime?
True
Is 50774857547 a composite number?
True
Is 12318311459 prime?
True
Is 11664597531 prime?
False
Is 7826232511 prime?
True
Is 3085512811 a prime number?
True
Is 66053871727 a composite number?
False
Is 503364461 prime?
True
Is 83185489943 prime?
True
Is 2482754327 composite?
False
Is 431535079 composite?
False
Is 1409896811 a composite number?
True
Is 189763667 composite?
False
Is 2118172163 prime?
True
Is 1960073377 prime?
False
Is 10203649003 a prime number?
False
Is 606019523 prime?
True
Is 5165420453 a composite number?
False
Is 30558010843 a prime number?
False
Is 577246861 prime?
False
Is 11070516043 prime?
False
Is 63934442317 a prime number?
True
Is 8432